git of 6/m - (-536)/14?
3
Suppose 3*d = 5*d - 16. Let z(l) = 2*l - 2. Let r be z(d). Suppose -2 = -p + r. What is the tens digit of p?
1
Let k(j) = -j + 15. Let b be k(12). Suppose b*x = 3*a - 18, a + 5*x = -3 - 15. Let r = -1 + a. What is the units digit of r?
1
Let s(c) = 3*c**2 + 14*c - 12. Let n be s(-6). Suppose n*u - 4*u = 1536. What is the units digit of u?
2
Let i(y) be the third derivative of -5*y**4/24 + 17*y**3/6 + 23*y**2 - y. What is the units digit of i(-20)?
7
Suppose -2*z = 4 + 2, z + 1559 = 4*l. What is the hundreds digit of l?
3
Let f(g) = g**3 + 9*g**2 - 16*g - 14. Let h be f(-10). Let t = h - -24. Suppose t = 2*a + 5*s, 2*s - 22 = -a + 6*s. What is the tens digit of a?
3
Suppose 4*v = -8*b + 7*b + 549, 3*v + 1587 = 3*b. What is the units digit of b?
3
Suppose -2*t - 6 = -0. Let y be 27 + -1 + 2 + t. Let l = 11 + y. What is the tens digit of l?
3
Suppose -6*v + 2*b + 8265 = -v, -2*v + b = -3305. What is the units digit of v?
5
Suppose -4*h = h - 2*a + 59, -3*a + 6 = 0. Let p be 0 - (-2 + 2*h). Let s = -10 + p. What is the units digit of s?
4
Suppose v = -3*c, -3*c = 3*v - 8*v. Suppose 7*i - 2*i - 125 = v. What is the tens digit of i?
2
Suppose 6*q + 544 = 808. What is the units digit of q?
4
Suppose 4*d = -d + 35. Suppose 0 = d*b + 29 - 155. Suppose 0*a + 2*u - b = -a, 2*u = 0. What is the tens digit of a?
1
Suppose 0 = 5*a - 20, -2*h + 2*a - 19 = -869. What is the hundreds digit of h?
4
Let t = -88 + 155. Suppose 3*m + 4 = -2*o - 0, 5*o + 10 = 5*m. Suppose 3*h - t + 28 = m. What is the units digit of h?
3
Let u = -4 + 15. Suppose -q + u = -75. What is the units digit of q?
6
Let p(o) = -o**3 + 9*o**2 - 18*o + 11. Suppose 0*i - 50 = -10*i. What is the tens digit of p(i)?
2
Suppose -44*f = -45*f + 1337. What is the tens digit of f?
3
What is the tens digit of (-5)/1 + 0 + 489*1?
8
Let k(y) = 2*y**2 - 3*y - 2. Let g(q) = q**2 - q. Let n be g(1). Suppose -8 = 2*v - n*v. What is the units digit of k(v)?
2
Let i(v) = -v**3 - 6*v - 1. Let u be i(4). What is the units digit of ((1 - u) + 3)/(2 - -1)?
1
Let r(q) = -q + 4. Let f be r(-7). Let i = f + -6. Let t(j) = j**2 - 2*j - 7. What is the units digit of t(i)?
8
Let k = 338 + -148. Suppose 86 + k = 2*n. What is the tens digit of n?
3
Let a(d) = -d. Let s be a(-1). Let y(b) = 35*b**2 + 2*b - 3. What is the units digit of y(s)?
4
Suppose 11*q = -39*q + 36850. What is the units digit of q?
7
Suppose -4*l = 0, -4*t - 5*l + 722 = 102. What is the tens digit of t?
5
Let u(o) = -8 - 2*o - 8*o + 7*o**2 + 3*o + 3*o + o**3. What is the tens digit of u(-6)?
5
Suppose 10*j = 27*j - 29478. What is the hundreds digit of j?
7
Let d be (-1 - 0)*(-3 - 0). Suppose 21*u - 377 = -167. Suppose -d*v = 4 - u. What is the units digit of v?
2
Let f be (-633)/(-15) - (-2)/(-10). Let a be 612/14 - (-12)/f. Suppose 0*o = -2*o + a. What is the tens digit of o?
2
Suppose 4101 = 2*i - 5*n, -2*i + 2580 = 4*n - 1494. What is the tens digit of i?
4
Suppose 0 = -7*t + 1475 + 2627. Suppose t = 4*d - 2*a, -4*a - 82 = -2*d + 196. What is the units digit of d?
9
Suppose -3 - 6 = -3*m. Suppose -2*a + m = -a. Suppose a*c + 37 = -5*b + 189, 0 = 2*c + 5*b - 103. What is the units digit of c?
9
Suppose 7*h - 5348 - 3927 = 0. What is the units digit of h?
5
Suppose 8*r - 597 = 3939. What is the units digit of r?
7
Let m(d) = d**2 + 7*d - 3. Let w be m(-8). Suppose -l + 26 = 5*k, -w*l + 2*k = -0*k + 5. What is the tens digit of 136/24*3/l?
1
Let m = 694 + -541. What is the hundreds digit of m?
1
Suppose 4*m = -4*y - 60, -2*m - 70 = 3*m + 4*y. Let t(u) = -u**3 + 2*u**2 - 1. Let j be t(4). Let r = m - j. What is the tens digit of r?
2
Let m = 1418 - 949. What is the units digit of m?
9
Let g = 8 + -2. Suppose -5*i + g + 4 = 0. Suppose -227 = -4*n + x - 36, -i*n - 2*x = -98. What is the tens digit of n?
4
Let i be (-1 + 3)*(-6)/(-4). Let w(n) = 1 + 5*n - 26*n**3 - 3*n + 3*n**i. What is the tens digit of w(-1)?
2
Let k(b) = -556*b - 377. What is the thousands digit of k(-5)?
2
Let p(g) = 2*g - 9. Let c be p(9). Suppose 0 = c*d - 6*d - 420. Suppose 4*f = 4*n - d, -5*n + 92 + 48 = 2*f. What is the tens digit of n?
3
Let t(w) = -w**3 + 7*w**2 - 3*w - 8. Let o be t(6). Let f = o + 40. What is the units digit of f?
0
Suppose -4*b - 106 = -14. Let g = 91 + b. What is the units digit of g?
8
Let n(w) = 19*w + 1. Let r(k) = -94*k - 5. Let q(c) = -11*n(c) - 2*r(c). Let j be (2 + -3)*2/2. What is the units digit of q(j)?
0
Let x(y) = 11*y**2 + 22*y + 3. What is the tens digit of x(6)?
3
Let p(w) = w**2 + 6*w + 8. Let u be p(-5). Suppose -u*h + 4*h = 88. What is the units digit of h?
8
Let v(u) = 268*u + 55. What is the thousands digit of v(4)?
1
Let a = 17 + -13. Suppose 2*u + 86 = a*p - p, -2*p + 2*u = -58. Let j = 51 - p. What is the tens digit of j?
2
Let t(j) = j**2 - 3*j - 1. Let w be t(4). Suppose w*a = -2*d + 6*a + 101, 2*d + 3*a = 131. What is the tens digit of d?
5
Let n = 7 - 11. Let k = n - 20. What is the tens digit of ((-42)/k)/((-1)/(-12))?
2
What is the units digit of (-2130)/4*(-68)/51?
0
Let z(b) = 122*b - 81. What is the units digit of z(24)?
7
Let t(n) = -n**3 + 2*n**2 + 3*n + 12. Let m be t(-4). Suppose -3*k + m = 2*f, -k + 4*f = 2*k - 78. What is the units digit of k?
0
Let j(o) = 2*o - 4. Let c be j(6). Suppose -2*u + c*u - 18 = 0. Suppose -44 = -z - u*v, 3*v = v. What is the tens digit of z?
4
Let w(t) = -53*t - 17. Let o be w(-6). Let j = o + 47. What is the tens digit of 3/(4/(j/9))?
2
Let w be 3 - ((2 - 0)/1 - 2). Suppose -w*t - 2*k = -5 - 82, -5*t - 4*k + 147 = 0. What is the units digit of t?
7
Suppose 51*u - 9918 = 32*u. What is the units digit of u?
2
Suppose 188 = t - 27. Let w = t + -154. What is the tens digit of w?
6
Let f(n) = -5*n**2 + 41*n + 4. What is the units digit of f(6)?
0
Suppose 5*h = 4*l - 2075, -h - 99 = 4*l - 2204. What is the tens digit of l?
2
Let i = 2236 + -1052. What is the thousands digit of i?
1
Suppose 0 = 4*x - 190 - 42. Let z = x - 17. What is the units digit of z?
1
Suppose -21*s - 6*s = -43362. What is the tens digit of s?
0
Let p = -1002 + 2616. What is the tens digit of p?
1
What is the tens digit of 5 + (9 - -427)/(0 + 2)?
2
Suppose 2*i - 2*v = 794, -3*i - 5*v + 538 + 645 = 0. What is the tens digit of 1*i/(-2 - -6) + -2?
9
What is the units digit of 49/42 - (-2035)/30?
9
What is the hundreds digit of (151/4)/(12*(-12)/(-1728))?
4
Suppose -854*t + 30990 = -844*t. What is the hundreds digit of t?
0
Suppose -k + 32 - 161 = 0. Let x be (-2 - k/9)*6. What is the units digit of (-2)/8 - x/(-8)?
9
Suppose 0 = -12*o + 1057 + 923. What is the units digit of o?
5
Let u(c) = -c**3 + 5*c**2 + 3*c + 3. Let j(s) = s**2 - 11*s - 3. Let b be j(12). Let g = -4 + b. What is the units digit of u(g)?
8
Let v(k) = 383*k + 87. What is the hundreds digit of v(4)?
6
Let y(c) = c**2 - 8*c + 2. Let a be y(8). Let t be -2 - (-44)/(a/(-1)). What is the units digit of (t/10 + -4)*-5?
2
Let m(l) = l**2 - 1. Let h be m(1). Suppose h = s + 5*z - 29, 9*z - 5 = 5*s + 4*z. Suppose -t - s*n = 17, -5*t + 0 = 2*n - 5. What is the units digit of t?
3
Let l(i) be the first derivative of 5*i**4/2 + i**3/3 + 8. What is the units digit of l(1)?
1
Let a(h) = h**3 - 6*h**2 - h + 10. Let m be a(7). Suppose 0 = -n + 2 + 25. Let f = m - n. What is the units digit of f?
5
Suppose -3*b - 5*i - 16 = 6, -13 = 2*b + 3*i. What is the units digit of (-4 - (-11)/b)*6?
2
Suppose -w = -3*o + o - 11, 5*w + 5 = 0. What is the tens digit of (-630)/(-56)*(-32)/o?
6
Let i = -714 - -2120. What is the hundreds digit of i?
4
Let w be 4 - (-1 + 2) - -1. Suppose -84 = -w*v + 56. What is the tens digit of v?
3
Let c(y) = 269*y**2 + 5*y - 1. What is the hundreds digit of c(2)?
0
Suppose -n + 26 = 3*y, -2*y = 7*n - 2*n - 26. Suppose 0 = -y*k + 68 + 300. What is the units digit of k?
6
Suppose -4*a = 0, -200*y + 195*y = 3*a - 4400. What is the hundreds digit of y?
8
Let h be 45/2*(-24)/30. Let v = h - -30. Suppose -3*t = v - 174. What is the units digit of t?
4
Suppose 2*m - 357 - 2263 = 0. What is the thousands digit of m?
1
Suppose -4*l = -0*c + c + 9, 0 = -4*c + 3*l + 21. What is the tens digit of 88 + 1/1 + c?
9
Suppose -21*w = -10*w - 55. Suppose -6*u - 329 = -11*u + 3*d, -w*u - d = -317. What is the tens digit of u?
6
Let w(o) = 43*o - 